ive i(460).
18
Let h(s) = -2*s**3 + 6*s**2 - 131*s + 949. Calculate h(7).
-360
Let f(v) = v**3 - 17*v**2 - 312*v + 3900. Calculate f(14).
-1056
Let r(f) = -f**3 - 381*f**2 + 751*f - 5635. What is r(-383)?
110
Let l(w) = -3546*w - 19225. What is l(-6)?
2051
Let j(u) = -191*u**2 - 386*u - 26. Determine j(-2).
-18
Let w(d) = 685*d**2 - 4165*d + 375. Determine w(6).
45
Let v(j) = -370*j + 1006. Calculate v(6).
-1214
Let a(g) = 3*g**3 - 571*g**2 - 9263*g - 335. Give a(-15).
10
Let k(i) = 14*i**2 - 155*i + 988. What is k(7)?
589
Let l(g) = g**3 - 203*g**2 + 401*g + 165. Determine l(201).
-36
Let s(y) = -6793*y - 1005311. Give s(-148).
53
Let y(k) = -929*k**2 + 1932*k - 3. What is y(2)?
145
Let f(n) = -15*n**2 + 328*n + 4125. Calculate f(-9).
-42
Let w(x) = 1568*x + 170948. Determine w(-109).
36
Let u(l) = 21387*l - 192481. What is u(9)?
2
Let n(r) = -r**3 + 32*r**2 + 15*r + 481. Determine n(30).
2731
Let c(s) = -1689*s + 8493. Calculate c(5).
48
Let p(s) = s**2 + 594*s + 78771. Determine p(-201).
-222
Let m(v) = v**2 + 84*v - 47269. What is m(-263)?
-192
Let a(x) = -8265*x - 1876061. Give a(-227).
94
Let i(x) = 66*x**2 - 22*x - 57. Calculate i(-2).
251
Let w(f) = 3*f**3 - 108*f**2 - 1574*f + 89. Determine w(-13).
-4292
Let r(d) = -d**3 + 107*d**2 + 9566*d - 217. What is r(-58)?
15
Let r(s) = 73461*s - 661573. What is r(9)?
-424
Let d(c) = -28*c**2 - 1021*c + 1023. What is d(1)?
-26
Let m(g) = -g**2 + 242*g + 26184. What is m(-81)?
21
Let u(n) = 2*n**2 + 2093*n - 42648. What is u(20)?
12
Let i(h) = -61*h**2 - 2*h + 23. Determine i(4).
-961
Let n(g) = 29739*g - 535297. Give n(18).
5
Let a(t) = -3337*t - 3574. What is a(-1)?
-237
Let v(p) = 12*p**3 + 104*p**2 - 36*p + 28. Calculate v(-9).
28
Let k(z) = -2*z**3 + 15*z**2 - 9*z - 42. Give k(10).
-632
Let d(z) = 1099*z + 3771. Calculate d(-3).
474
Let t(m) = -12*m**2 - 4331*m - 2571. Calculate t(-360).
1389
Let w(z) = z**3 - 31*z**2 - 592*z - 2323. Calculate w(-6).
-103
Let b(a) = -1359*a + 92553. Calculate b(68).
141
Let x(i) = -6588*i - 105326. Calculate x(-16).
82
Let i(p) = 502*p + 18048. Calculate i(-36).
-24
Let w(c) = 12*c**3 - 1415*c**2 - 98*c - 2346. Calculate w(118).
14
Let c(j) = 129139*j - 645688. Calculate c(5).
7
Let q(g) = 500*g + 26473. Determine q(-53).
-27
Let d(u) = 702390*u - 10535842. Give d(15).
8
Let b(x) = 692*x - 40886. Give b(59).
-58
Let n(m) = -16*m**2 + 18377*m + 55255. Calculate n(-3).
-20
Let s(v) = -33204*v + 199299. Determine s(6).
75
Let r(j) = -173*j + 1828. What is r(4)?
1136
Let i(n) = -6*n**2 + 772*n - 608. Give i(127).
662
Let v(t) = -11317*t - 497946. Determine v(-44).
2
Let g(a) = 31*a - 92. Calculate g(23).
621
Let w(z) = -2*z**2 - 9082*z + 748750. What is w(81)?
-14
Let o(n) = 21*n**2 + 961*n - 5926. Determine o(6).
596
Let y(d) = -d**2 - 13417*d - 80490. What is y(-6)?
-24
Let n(m) = 2*m**2 + 741*m - 20550. Calculate n(26).
68
Let n(x) = -x**3 - 77*x**2 - 1178*x + 5391. What is n(-28)?
-41
Let z(y) = y**3 - 6*y**2 + 29*y - 235. Give z(7).
17
Let b(l) = 120219*l + 120214. Determine b(-1).
-5
Let i(j) = -j**2 + 52*j - 457. Calculate i(45).
-142
Let j(q) = 28*q**2 - 7020*q + 4995. Calculate j(250).
-5
Let q(m) = 16291*m - 6500105. What is q(399)?
4
Let i(h) = -55*h + 44. Give i(-4).
264
Let a(n) = -3*n**3 - 35*n**2 - 24*n - 29. Determine a(-11).
-7
Let h(n) = 9*n**2 + 261*n - 2090. Determine h(10).
1420
Let m(w) = -96*w**3 + 1151*w**2 + 17*w - 50. Determine m(12).
10
Let x(r) = r**3 - 129*r**2 + 861*r - 395. Calculate x(122).
459
Let p(s) = 376*s - 8918. Determine p(24).
106
Let s(u) = -3*u**3 - 4929*u**2 - 19714*u + 6. Calculate s(-4).
190
Let a(f) = -18*f**2 + 990*f + 6. Determine a(55).
6
Let c(g) = 36629*g + 6080410. What is c(-166)?
-4
Let m(y) = 51225*y - 307255. Determine m(6).
95
Let i(s) = -43*s**2 - 27*s - 1. What is i(5)?
-1211
Let r(t) = 60*t**2 - 5476*t + 1369. Give r(91).
-87
Let x(h) = 2*h**2 + 396*h + 10077. What is x(-165)?
-813
Let d(k) = 76*k**2 + 3931*k - 180. Determine d(-52).
912
Let t(u) = -u**2 - 50*u + 9983. Give t(79).
-208
Let m(c) = -15649*c + 18. Give m(0).
18
Let u(f) = 7231*f + 4555536. What is u(-630)?
6
Let h(v) = 1432*v + 58795. What is h(-41)?
83
Let t(v) = -47*v**2 - 4780*v - 466. What is t(-102)?
-1894
Let z(k) = -170*k + 95. Calculate z(5).
-755
Let l(d) = -3*d**3 + 632*d**2 + 27488*d - 73. What is l(-37)?
38
Let k(j) = 595*j + 8344. Give k(-14).
14
Let s(g) = 3414*g - 134333. Give s(39).
-1187
Let s(b) = 24034*b + 72. Give s(0).
72
Let x(q) = q**3 + 152*q**2 + 2451*q + 5221. What is x(-134)?
-5
Let c(w) = 203*w - 7679. What is c(38)?
35
Let t(o) = -1843*o - 24275. Determine t(-13).
-316
Let c(s) = s**2 - 2*s - 530. Determine c(-24).
94
Let x(i) = -755*i**2 + 212912*i - 571. Calculate x(282).
-7
Let l(d) = 9337*d + 5499504. Calculate l(-589).
11
Let x(h) = 4075*h + 69446. What is x(-17)?
171
Let i(t) = -7*t**2 + 700*t + 3959. Calculate i(106).
-493
Let u(b) = -20*b**2 - 98*b - 602. Determine u(-9).
-1340
Let n(x) = x**3 - 279*x**2 - 19140*x + 668. Determine n(-57).
-16
Let t(m) = -756*m**2 - 23447*m - 334. Calculate t(-31).
7
Let v(o) = -o**2 + 1056*o - 153464. Calculate v(174).
4
Let g(s) = 3*s**2 - 9615*s - 10. Give g(0).
-10
Let l(f) = 12*f**2 - 500*f + 70. Determine l(43).
758
Let q(k) = -33*k**2 + 460*k + 1913. What is q(17)?
196
Let j(a) = 3*a**3 + 6*a**2 - 1558*a - 4670. Determine j(-3).
-23
Let u(g) = 2*g**3 + 54*g**2 + 199*g - 744. Give u(-21).
369
Let z(w) = -w**2 + 118*w + 4421. Determine z(-37).
-1314
Let o(f) = -682*f + 52464. What is o(75)?
1314
Let n(p) = 10361*p - 279768. What is n(27)?
-21
Let b(s) = s**3 - 138*s**2 - 681*s + 75337. Determine b(139).
-1
Let d(x) = 498*x - 35859. Give d(72).
-3
Let r(i) = 2*i**3 - 668*i**2 - 2027*i + 1366. What is r(337)?
-319
Let s(k) = -3*k**3 + 4*k**2 - 103*k + 421. What is s(5)?
-369
Let f(h) = 10*h**2 - 1220*h - 2556. Determine f(124).
-76
Let r(g) = g**2 - 1225*g - 619852. Calculate r(1610).
-2
Let t(q) = -6030*q + 24173. Calculate t(4).
53
Let a(c) = -1144*c + 43645. Calculate a(38).
173
Let q(f) = -f**2 - 23256*f + 185993. Calculate q(8).
-119
Let i(t) = 25*t - 117. Determine i(-1).
-142
Let w(t) = 470*t + 147392. Give w(-314).
-188
Let l(z) = 7*z**2 + 612484*z + 1. Calculate l(0).
1
Let n(u) = 3*u**3 - 12*u**2 - 17*u - 74. Give n(-5).
-664
Let t(q) = -q**2 + 122*q + 5085. Determine t(-33).
-30
Let x(v) = 3675*v - 180287. Calculate x(49).
-212
Let a(w) = 5275*w + 53157. Calculate a(-10).
407
Let h(b) = 2*b**3 - 3974*b**2 - 1231*b + 2445993. Calculate h(1987).
-4
Let g(s) = -6090*s - 23514. Determine g(-4).
846
Let v(j) = -7*j**3 + 1483*j**2 + 200*j + 3153. What is v(212)?
609
Let i(n) = n**3 + 75*n**2 - 53*n + 27652. Determine i(-80).
-108
Let s(i) = -i**3 - 515*i**2 + 32*i + 16464. Determine s(-515).
-16
Let b(k) = -28414*k + 56867. Give b(2).
39
Let n(g) = -2*g**2 + 60*g + 3087. Calculate n(57).
9
Let m(r) = r**3 - 106*r**2 + 2788*r + 852. Calculate m(56).
180
Let b(v) = 262*v**3 - 5*v**2 + 12*v + 17. Determine b(-1).
-262
Let v(x) = -5*x**2 - 191*x - 957. Determine v(-6).
9
Let x(k) = -600*k**2 - 4224*k - 115. Determine x(-7).
53
Let l(g) = -3226*g + 183872. Give l(57).
-10
Let l(w) = w**2 + 548964*w + 16468040. Calculate l(-30).
20
Let m(d) = 305634*d - 4584499. Calculate m(15).
11
Let b(x) = -x**3 + 63*x**2 + 1993*x - 1305. Determine b(86).
-15
Let l(x) = -1455*x - 65064. Calculate l(-44).
-1044
Let y(p) = -20523*p - 82095. Give y(-4).
-3
Let p(g) = -8*g**2 + 147*g + 145. Calculate p(23).
-706
Let k(a) = -a**3 + 638*a**2 - 3204*a + 243. Determine k(5).
48
Let b(i) = 3*i**3 + 83*i**2 + 471*i + 52. What is b(-8)?
60
Let f(p) = -3111*p - 6314. Determine f(-2).
-92
Let r(p) = p**3 + 60*p**2 + 64*p + 263. Calculate r(-59).
-32
Let p(j) = -149*j - 26367. Calculate p(-166).
-1633
Let q(p) = 4*p**3 + 728*p**2 + 308*p + 56037. Give q(-182).
-19
Let t(l) = -2*l**3 - 681*l**2 + 252*l - 30375. Determine t(-341).
-26
Let r(g) = -16*g**3 + 12*g**2 + 170*g - 402. Calculate r(2).
-142
Let m(d) = 2*d**3 - 56*d**2 + 144*d - 1030. Calculate m(26).
10
Let p(y) = 261*y - 28823. What is p(110)?
-113
Let z(p) = 2*p**3 + 173*p**2 + 3669*p - 143. Calculate z(-38).
503
Let c(y) = -128586*y + 771498. What is c(6)?
-18
Let d(x) = -81752*x - 654020. Calculate d(-8).
-4
Let v(b) = 909*b**2 